{"id":48,"date":"2016-06-01T13:51:16","date_gmt":"2016-06-01T13:51:16","guid":{"rendered":"http:\/\/abfit.org.br\/conti-2018\/?page_id=48"},"modified":"2021-03-09T09:52:03","modified_gmt":"2021-03-09T12:52:03","slug":"apresentacao","status":"publish","type":"page","link":"https:\/\/abfit.org.br\/conti-2021\/apresentacao\/","title":{"rendered":"Apresenta\u00e7\u00e3o"},"content":{"rendered":"<p style=\"text-align: center;\"><span style=\"color: #333333;\"><strong>Prezados congressistas e apoiadores ABFIT<\/strong>,<\/span><\/p>\n<p style=\"text-align: center;\">\u00c9 com imenso prazer que anunciamos o<strong> II CONTI ABFIT 2021<\/strong> &#8211; II CONGRESSO NACIONAL DE TERAPIAS INTEGRADAS DA ABFIT, que ir\u00e1 abrigar a <em>II Jornada Multidisciplinar de Prescri\u00e7\u00e3o Magistral<\/em> e a <em>VIII Jornada de Fitoterapia do RJ<\/em>, nos dias 06 e 07 de agosto 2021, no Rio de Janeiro.<\/p>\n<p style=\"text-align: center;\">Com o grande sucesso que tivemos em 2018, nesta edi\u00e7\u00e3o nosso congresso ser\u00e1 <strong>H\u00cdBRIDO<\/strong>, isto \u00e9,\u00a0 presencial e on-line (ao vivo) , tudo para voc\u00ea n\u00e3o ficar de fora e n\u00e3o perder um s\u00f3 detalhe deste evento que \u00e9 o mais din\u00e2mico congresso de terapias integradas do RJ.<\/p>\n<p style=\"text-align: center;\">Nossos palestrantes estar\u00e3o todos presencialmente no evento e teremos espa\u00e7o destinado a feira, no entanto, voc\u00ea congressista pode optar se assistir\u00e1 l\u00e1 conosco ou remotamente ao vivo.<\/p>\n<p style=\"text-align: center;\">Mas escolha logo , pois ambas as modalidades t\u00eam vagas limitadas!<\/p>\n<p style=\"text-align: center;\">Com seus 21 anos de exist\u00eancia a ABFIT compromete-se com ensino e pesquisa de qualidade e conta com os melhores e mais capacitados profissionais das \u00e1reas, al\u00e9m de inovadoras e fortes parcerias.<\/p>\n<p style=\"text-align: center;\">Portanto, convidamos a todos os profissionais de sa\u00fade, pesquisadores, professores e estudantes da \u00e1rea a participarem desse importante evento <strong>ABFIT<\/strong> e <strong>Aprendendo a Formular<\/strong>.<\/p>\n<p style=\"text-align: center;\"><span style=\"color: #333333;\"><strong>Sejam bem-vindos!<\/strong><\/span><\/p>\n","protected":false},"excerpt":{"rendered":"<p>Prezados congressistas e apoiadores ABFIT, \u00c9 com imenso prazer que anunciamos o II CONTI ABFIT 2021 &#8211; II CONGRESSO NACIONAL DE TERAPIAS INTEGRADAS DA ABFIT, que ir\u00e1 abrigar a II Jornada Multidisciplinar de Prescri\u00e7\u00e3o Magistral e a VIII Jornada de Fitoterapia do RJ, nos dias 06 e 07 de agosto 2021, no Rio de Janeiro&#8230;. <\/p>\n<div class=\"link-more\"><a href=\"https:\/\/abfit.org.br\/conti-2021\/apresentacao\/\">Leia mais<\/a><\/div>\n","protected":false},"author":1,"featured_media":0,"parent":0,"menu_order":0,"comment_status":"closed","ping_status":"closed","template":"","meta":{"jetpack_post_was_ever_published":false,"footnotes":""},"jetpack_sharing_enabled":true,"jetpack_shortlink":"https:\/\/wp.me\/Pb7BRz-M","jetpack-related-posts":[],"_links":{"self":[{"href":"https:\/\/abfit.org.br\/conti-2021\/wp-json\/wp\/v2\/pages\/48"}],"collection":[{"href":"https:\/\/abfit.org.br\/conti-2021\/wp-json\/wp\/v2\/pages"}],"about":[{"href":"https:\/\/abfit.org.br\/conti-2021\/wp-json\/wp\/v2\/types\/page"}],"author":[{"embeddable":true,"href":"https:\/\/abfit.org.br\/conti-2021\/wp-json\/wp\/v2\/users\/1"}],"replies":[{"embeddable":true,"href":"https:\/\/abfit.org.br\/conti-2021\/wp-json\/wp\/v2\/comments?post=48"}],"version-history":[{"count":73,"href":"https:\/\/abfit.org.br\/conti-2021\/wp-json\/wp\/v2\/pages\/48\/revisions"}],"predecessor-version":[{"id":1485,"href":"https:\/\/abfit.org.br\/conti-2021\/wp-json\/wp\/v2\/pages\/48\/revisions\/1485"}],"wp:attachment":[{"href":"https:\/\/abfit.org.br\/conti-2021\/wp-json\/wp\/v2\/media?parent=48"}],"curies":[{"name":"wp","href":"https:\/\/api.w.org\/{rel}","templated":true}]}}